{"id":1844,"date":"2022-12-16T10:43:18","date_gmt":"2022-12-16T10:43:18","guid":{"rendered":"https:\/\/playgrow.qodeinteractive.com\/?page_id=1844"},"modified":"2025-12-28T11:36:37","modified_gmt":"2025-12-28T10:36:37","slug":"kontakt","status":"publish","type":"page","link":"https:\/\/betiko.eu\/index.php\/kontakt\/","title":{"rendered":"Kontakt"},"content":{"rendered":"\t\t<div data-elementor-type=\"wp-page\" data-elementor-id=\"1844\" class=\"elementor elementor-1844\">\n\t\t\t\t\t\t<section class=\"elementor-section elementor-top-section elementor-element elementor-element-7a62f81 elementor-section-full_width qodef-elementor-content-grid elementor-section-height-default elementor-section-height-default\" data-id=\"7a62f81\" data-element_type=\"section\" data-e-type=\"section\">\n\t\t\t\t\t\t<div class=\"elementor-container elementor-column-gap-default\">\n\t\t\t\t\t<div class=\"elementor-column elementor-col-50 elementor-top-column elementor-element elementor-element-edeafa9\" data-id=\"edeafa9\" data-element_type=\"column\" data-e-type=\"column\">\n\t\t\t<div class=\"elementor-widget-wrap elementor-element-populated\">\n\t\t\t\t\t\t<div class=\"elementor-element elementor-element-97f5dc0 elementor-widget elementor-widget-image\" data-id=\"97f5dc0\" data-element_type=\"widget\" data-e-type=\"widget\" data-widget_type=\"image.default\">\n\t\t\t\t\t\t\t\t\t\t\t\t\t\t\t<img fetchpriority=\"high\" decoding=\"async\" width=\"872\" height=\"568\" src=\"https:\/\/betiko.eu\/wp-content\/uploads\/2025\/12\/71460_betiko_1.jpg\" class=\"attachment-large size-large wp-image-5142\" alt=\"\" srcset=\"https:\/\/betiko.eu\/wp-content\/uploads\/2025\/12\/71460_betiko_1.jpg 872w, https:\/\/betiko.eu\/wp-content\/uploads\/2025\/12\/71460_betiko_1-600x391.jpg 600w, https:\/\/betiko.eu\/wp-content\/uploads\/2025\/12\/71460_betiko_1-300x195.jpg 300w, https:\/\/betiko.eu\/wp-content\/uploads\/2025\/12\/71460_betiko_1-768x500.jpg 768w\" sizes=\"(max-width: 872px) 100vw, 872px\" \/>\t\t\t\t\t\t\t\t\t\t\t\t\t\t\t<\/div>\n\t\t\t\t<section class=\"elementor-section elementor-inner-section elementor-element elementor-element-80d9658 elementor-section-full_width elementor-section-height-default elementor-section-height-default\" data-id=\"80d9658\" data-element_type=\"section\" data-e-type=\"section\">\n\t\t\t\t\t\t<div class=\"elementor-container elementor-column-gap-default\">\n\t\t\t\t\t<div class=\"elementor-column elementor-col-100 elementor-inner-column elementor-element elementor-element-647c96d\" data-id=\"647c96d\" data-element_type=\"column\" data-e-type=\"column\">\n\t\t\t<div class=\"elementor-widget-wrap elementor-element-populated\">\n\t\t\t\t\t\t<div class=\"elementor-element elementor-element-b03c6cf elementor-widget elementor-widget-heading\" data-id=\"b03c6cf\" data-element_type=\"widget\" data-e-type=\"widget\" data-widget_type=\"heading.default\">\n\t\t\t\t\t<h2 class=\"elementor-heading-title elementor-size-default\">BETIKO<\/h2>\t\t\t\t<\/div>\n\t\t\t\t<div class=\"elementor-element elementor-element-2a27084 elementor-widget elementor-widget-text-editor\" data-id=\"2a27084\" data-element_type=\"widget\" data-e-type=\"widget\" data-widget_type=\"text-editor.default\">\n\t\t\t\t\t\t\t\t\t<p>Jeste\u015bmy producentem po\u015bcieli dzieci\u0119cej. Od pocz\u0105tku dzia\u0142alno\u015bci naszym celem by\u0142o i jest dostarczanie produkt\u00f3w zgodnie z potrzebami m\u0142odych rodzic\u00f3w i ich pociech.<\/p><p>Ka\u017cdy nasz produkt wykonany jest z ogromn\u0105 staranno\u015bci\u0105 i dba\u0142o\u015bci\u0105 o szczeg\u00f3\u0142y. Wszystkie nasze produkty zosta\u0142y stworzone z my\u015bl\u0105 o bezpiecze\u0144stwie i wygodzie dzieci.<\/p><p>BETIKO to firma z wieloletnimi tradycjami w produkcji po\u015bcieli i artyku\u0142\u00f3w tekstylnych dla najm\u0142odszych.<\/p>\t\t\t\t\t\t\t\t<\/div>\n\t\t\t\t\t<\/div>\n\t\t<\/div>\n\t\t\t\t\t<\/div>\n\t\t<\/section>\n\t\t\t\t\t<\/div>\n\t\t<\/div>\n\t\t\t\t<div class=\"elementor-column elementor-col-50 elementor-top-column elementor-element elementor-element-3d776ca\" data-id=\"3d776ca\" data-element_type=\"column\" data-e-type=\"column\">\n\t\t\t<div class=\"elementor-widget-wrap elementor-element-populated\">\n\t\t\t\t\t\t<div class=\"elementor-element elementor-element-24e032d elementor-widget elementor-widget-wp-widget-playgrow_core_contact_form_7\" data-id=\"24e032d\" data-element_type=\"widget\" data-e-type=\"widget\" data-widget_type=\"wp-widget-playgrow_core_contact_form_7.default\">\n\t\t\t\t<div class=\"elementor-widget-container\">\n\t\t\t\t\t\t\t\t<div class=\"qodef-contact-form-7\">\n\t\t\t\t\n<div class=\"wpcf7 no-js\" id=\"wpcf7-f1874-o1\" lang=\"en-US\" dir=\"ltr\" data-wpcf7-id=\"1874\">\n<div class=\"screen-reader-response\"><p role=\"status\" aria-live=\"polite\" aria-atomic=\"true\"><\/p> <ul><\/ul><\/div>\n<form action=\"\/index.php\/wp-json\/wp\/v2\/pages\/1844#wpcf7-f1874-o1\" method=\"post\" class=\"wpcf7-form init demo\" aria-label=\"Contact form\" novalidate=\"novalidate\" data-status=\"init\">\n<fieldset class=\"hidden-fields-container\"><input type=\"hidden\" name=\"_wpcf7\" value=\"1874\" \/><input type=\"hidden\" name=\"_wpcf7_version\" value=\"6.1.5\" \/><input type=\"hidden\" name=\"_wpcf7_locale\" value=\"en_US\" \/><input type=\"hidden\" name=\"_wpcf7_unit_tag\" value=\"wpcf7-f1874-o1\" \/><input type=\"hidden\" name=\"_wpcf7_container_post\" value=\"0\" \/><input type=\"hidden\" name=\"_wpcf7_posted_data_hash\" value=\"\" \/>\n<\/fieldset>\n<div class=\"qodef-m-contact qodef-contact-form-7\">\n\n \n\n<div class=\"qodef-grid-inner\">\n\n \n\n<div class=\"qodef-grid-item qodef-col--12\">\n\n \n\n<span class=\"wpcf7-form-control-wrap\" data-name=\"your-name\"><input size=\"40\" maxlength=\"400\" class=\"wpcf7-form-control wpcf7-email wpcf7-validates-as-required wpcf7-text wpcf7-validates-as-email\" aria-required=\"true\" aria-invalid=\"false\" placeholder=\"Imi\u0119\" value=\"\" type=\"email\" name=\"your-name\" \/><\/span>\n\n \n\n<\/div>\n\n \n\n<div class=\"qodef-grid-item qodef-col--12\">\n\n \n\n<span class=\"wpcf7-form-control-wrap\" data-name=\"your-email\"><input size=\"40\" maxlength=\"400\" class=\"wpcf7-form-control wpcf7-email wpcf7-validates-as-required wpcf7-text wpcf7-validates-as-email\" aria-required=\"true\" aria-invalid=\"false\" placeholder=\"Email\" value=\"\" type=\"email\" name=\"your-email\" \/><\/span>\n\n \n\n<\/div>\n\n<div class=\"qodef-grid-item qodef-col--12\">\n\n \n\n<span class=\"wpcf7-form-control-wrap\" data-name=\"your-phone\"><input size=\"40\" maxlength=\"400\" class=\"wpcf7-form-control wpcf7-tel wpcf7-validates-as-required wpcf7-text wpcf7-validates-as-tel\" aria-required=\"true\" aria-invalid=\"false\" placeholder=\"Telefon\" value=\"\" type=\"tel\" name=\"your-phone\" \/><\/span>\n\n \n\n<\/div>\n\n<div class=\"\">\n\n \n\n<span class=\"wpcf7-form-control-wrap\" data-name=\"your-textarea\"><textarea cols=\"40\" rows=\"10\" maxlength=\"2000\" class=\"wpcf7-form-control wpcf7-textarea\" aria-invalid=\"false\" placeholder=\"Wiadomo\u015b\u0107\" name=\"your-textarea\"><\/textarea><\/span>\n\n \n\n<\/div>\n\n \n\n<div class=\"qodef-grid-item qodef-col--12 qodef-cf-submit\">\n\n \n\n<button class=\"wpcf7-form-control wpcf7-submit qodef-button qodef-size--normal qodef-layout--filled qodef-m\" type=\"submit\"><span class=\"qodef-m-text\">Wy\u015blij<\/span><\/button>\n\n \n\n<\/div>\n\n \n\n \n\n<\/div>\n\n \n\n<\/div><div class=\"wpcf7-response-output\" aria-hidden=\"true\"><\/div>\n<\/form>\n<\/div>\n\t\t\t<\/div>\n\t\t\t\t\t\t\t<\/div>\n\t\t\t\t<\/div>\n\t\t\t\t\t<\/div>\n\t\t<\/div>\n\t\t\t\t\t<\/div>\n\t\t<\/section>\n\t\t\t\t<section class=\"elementor-section elementor-top-section elementor-element elementor-element-bed00ad elementor-section-full_width qodef-elementor-content-grid elementor-section-height-default elementor-section-height-default\" data-id=\"bed00ad\" data-element_type=\"section\" data-e-type=\"section\">\n\t\t\t\t\t\t<div class=\"elementor-container elementor-column-gap-default\">\n\t\t\t\t\t<div class=\"elementor-column elementor-col-100 elementor-top-column elementor-element elementor-element-56e6e02\" data-id=\"56e6e02\" data-element_type=\"column\" data-e-type=\"column\">\n\t\t\t<div class=\"elementor-widget-wrap elementor-element-populated\">\n\t\t\t\t\t\t<div class=\"elementor-element elementor-element-2bc119a elementor-widget elementor-widget-playgrow_core_section_title\" data-id=\"2bc119a\" data-element_type=\"widget\" data-e-type=\"widget\" data-widget_type=\"playgrow_core_section_title.default\">\n\t\t\t\t<div class=\"elementor-widget-container\">\n\t\t\t\t\t<div class=\"qodef-shortcode qodef-m qodef-section-title qodef-alignment--center\">\n\t\t<h3 class=\"qodef-m-title\" >\n\t\t\t\t\tGdzie nas znale\u017a\u0107?\t\t\t<\/h3>\n\t<\/div>\n\t\t\t\t<\/div>\n\t\t\t\t<\/div>\n\t\t\t\t\t<\/div>\n\t\t<\/div>\n\t\t\t\t\t<\/div>\n\t\t<\/section>\n\t\t\t\t<section class=\"elementor-section elementor-top-section elementor-element elementor-element-cdd2f56 elementor-section-full_width qodef-elementor-content-grid elementor-section-height-default elementor-section-height-default\" data-id=\"cdd2f56\" data-element_type=\"section\" data-e-type=\"section\">\n\t\t\t\t\t\t<div class=\"elementor-container elementor-column-gap-default\">\n\t\t\t\t\t<div class=\"elementor-column elementor-col-50 elementor-top-column elementor-element elementor-element-bacb833\" data-id=\"bacb833\" data-element_type=\"column\" data-e-type=\"column\">\n\t\t\t<div class=\"elementor-widget-wrap elementor-element-populated\">\n\t\t\t\t\t\t<div class=\"elementor-element elementor-element-6834340 elementor-widget elementor-widget-playgrow_core_single_image\" data-id=\"6834340\" data-element_type=\"widget\" data-e-type=\"widget\" data-widget_type=\"playgrow_core_single_image.default\">\n\t\t\t\t<div class=\"elementor-widget-container\">\n\t\t\t\t\t<div class=\"qodef-shortcode qodef-m qodef-single-image qodef-layout--default\">\n\t\t\t<div class=\"qodef-m-image\">\n\t\t\t\t\t\t\t\t<img decoding=\"async\" width=\"1439\" height=\"1440\" src=\"https:\/\/betiko.eu\/wp-content\/uploads\/2025\/12\/whitepocket_kroliczki-min.webp\" class=\"attachment-full size-full\" alt=\"\" srcset=\"https:\/\/betiko.eu\/wp-content\/uploads\/2025\/12\/whitepocket_kroliczki-min.webp 1439w, https:\/\/betiko.eu\/wp-content\/uploads\/2025\/12\/whitepocket_kroliczki-min-300x300.webp 300w, https:\/\/betiko.eu\/wp-content\/uploads\/2025\/12\/whitepocket_kroliczki-min-100x100.webp 100w, https:\/\/betiko.eu\/wp-content\/uploads\/2025\/12\/whitepocket_kroliczki-min-600x600.webp 600w, https:\/\/betiko.eu\/wp-content\/uploads\/2025\/12\/whitepocket_kroliczki-min-1024x1024.webp 1024w, https:\/\/betiko.eu\/wp-content\/uploads\/2025\/12\/whitepocket_kroliczki-min-150x150.webp 150w, https:\/\/betiko.eu\/wp-content\/uploads\/2025\/12\/whitepocket_kroliczki-min-768x769.webp 768w, https:\/\/betiko.eu\/wp-content\/uploads\/2025\/12\/whitepocket_kroliczki-min-650x650.webp 650w, https:\/\/betiko.eu\/wp-content\/uploads\/2025\/12\/whitepocket_kroliczki-min-1300x1300.webp 1300w\" sizes=\"(max-width: 1439px) 100vw, 1439px\" \/>\t\t\t\t\t\t\t<\/div>\n\t<\/div>\n\t\t\t\t<\/div>\n\t\t\t\t<\/div>\n\t\t\t\t<div class=\"elementor-element elementor-element-47844bb elementor-widget elementor-widget-playgrow_core_section_title\" data-id=\"47844bb\" data-element_type=\"widget\" data-e-type=\"widget\" data-widget_type=\"playgrow_core_section_title.default\">\n\t\t\t\t<div class=\"elementor-widget-container\">\n\t\t\t\t\t<div class=\"qodef-shortcode qodef-m qodef-section-title qodef-alignment--left\">\n\t\t<h4 class=\"qodef-m-title\" >\n\t\t\t\t\tBETIKO Store\t\t\t<\/h4>\n\t<\/div>\n\t\t\t\t<\/div>\n\t\t\t\t<\/div>\n\t\t\t\t<div class=\"elementor-element elementor-element-d1721d1 elementor-widget elementor-widget-text-editor\" data-id=\"d1721d1\" data-element_type=\"widget\" data-e-type=\"widget\" data-widget_type=\"text-editor.default\">\n\t\t\t\t\t\t\t\t\t<p><strong>Gda\u0144ska 8, 14-200 I\u0142awa <\/strong><\/p><p><strong>woj: warmi\u0144sko-mazurskie<\/strong><\/p>\t\t\t\t\t\t\t\t<\/div>\n\t\t\t\t\t<\/div>\n\t\t<\/div>\n\t\t\t\t<div class=\"elementor-column elementor-col-50 elementor-top-column elementor-element elementor-element-11cf784\" data-id=\"11cf784\" data-element_type=\"column\" data-e-type=\"column\">\n\t\t\t<div class=\"elementor-widget-wrap\">\n\t\t\t\t\t\t\t<\/div>\n\t\t<\/div>\n\t\t\t\t\t<\/div>\n\t\t<\/section>\n\t\t\t\t<\/div>\n\t\t","protected":false},"excerpt":{"rendered":"<p>BETIKO Jeste\u015bmy producentem po\u015bcieli dzieci\u0119cej. Od pocz\u0105tku dzia\u0142alno\u015bci naszym celem by\u0142o i jest dostarczanie produkt\u00f3w zgodnie z potrzebami m\u0142odych rodzic\u00f3w i ich pociech. Ka\u017cdy nasz produkt wykonany jest z ogromn\u0105 staranno\u015bci\u0105 i dba\u0142o\u015bci\u0105 o szczeg\u00f3\u0142y. Wszystkie nasze produkty zosta\u0142y stworzone z my\u015bl\u0105 o bezpiecze\u0144stwie i wygodzie dzieci. BETIKO to firma z wieloletnimi tradycjami w produkcji [&hellip;]<\/p>\n","protected":false},"author":1,"featured_media":0,"parent":0,"menu_order":0,"comment_status":"closed","ping_status":"closed","template":"page-full-width.php","meta":{"footnotes":""},"class_list":["post-1844","page","type-page","status-publish","hentry"],"_links":{"self":[{"href":"https:\/\/betiko.eu\/index.php\/wp-json\/wp\/v2\/pages\/1844","targetHints":{"allow":["GET"]}}],"collection":[{"href":"https:\/\/betiko.eu\/index.php\/wp-json\/wp\/v2\/pages"}],"about":[{"href":"https:\/\/betiko.eu\/index.php\/wp-json\/wp\/v2\/types\/page"}],"author":[{"embeddable":true,"href":"https:\/\/betiko.eu\/index.php\/wp-json\/wp\/v2\/users\/1"}],"replies":[{"embeddable":true,"href":"https:\/\/betiko.eu\/index.php\/wp-json\/wp\/v2\/comments?post=1844"}],"version-history":[{"count":4,"href":"https:\/\/betiko.eu\/index.php\/wp-json\/wp\/v2\/pages\/1844\/revisions"}],"predecessor-version":[{"id":5237,"href":"https:\/\/betiko.eu\/index.php\/wp-json\/wp\/v2\/pages\/1844\/revisions\/5237"}],"wp:attachment":[{"href":"https:\/\/betiko.eu\/index.php\/wp-json\/wp\/v2\/media?parent=1844"}],"curies":[{"name":"wp","href":"https:\/\/api.w.org\/{rel}","templated":true}]}}